{"id":155,"date":"2022-07-05T10:39:17","date_gmt":"2022-07-05T08:39:17","guid":{"rendered":"https:\/\/kulturbahnhof-lollar.de\/?page_id=155"},"modified":"2022-07-05T10:39:18","modified_gmt":"2022-07-05T08:39:18","slug":"eroffnungswochenende22","status":"publish","type":"page","link":"https:\/\/kulturbahnhof-lollar.de\/index.php\/eroffnungswochenende22\/","title":{"rendered":"Er\u00f6ffnungswochenende 23. &#8211; 26.07.2022"},"content":{"rendered":"\n<h2 class=\"wp-block-heading\">DO &#8211; SO 23. -26.06.22<\/h2>\n\n\n\n<div class=\"wp-block-group\"><div class=\"wp-block-group__inner-container is-layout-flow wp-block-group-is-layout-flow\">\n<div class=\"wp-block-columns is-layout-flex wp-container-core-columns-is-layout-9d6595d7 wp-block-columns-is-layout-flex\">\n<div class=\"wp-block-column is-layout-flow wp-block-column-is-layout-flow\"><div class=\"wp-block-image\">\n<figure class=\"aligncenter size-full is-resized\"><img loading=\"lazy\" decoding=\"async\" src=\"https:\/\/kulturbahnhof-lollar.de\/wp-content\/uploads\/2022\/06\/eroeffnung-website-foto.png\" alt=\"\" class=\"wp-image-66\" width=\"403\" height=\"403\" srcset=\"https:\/\/kulturbahnhof-lollar.de\/wp-content\/uploads\/2022\/06\/eroeffnung-website-foto.png 960w, https:\/\/kulturbahnhof-lollar.de\/wp-content\/uploads\/2022\/06\/eroeffnung-website-foto-300x300.png 300w, https:\/\/kulturbahnhof-lollar.de\/wp-content\/uploads\/2022\/06\/eroeffnung-website-foto-150x150.png 150w, https:\/\/kulturbahnhof-lollar.de\/wp-content\/uploads\/2022\/06\/eroeffnung-website-foto-768x768.png 768w\" sizes=\"auto, (max-width: 403px) 100vw, 403px\" \/><\/figure>\n<\/div><\/div>\n\n\n\n<div class=\"wp-block-column is-layout-flow wp-block-column-is-layout-flow\">\n<figure class=\"wp-block-table is-style-stripes\"><table><tbody><tr><td>Donnerstag, 23.06.22<\/td><td><strong>17<sup>00<\/sup><\/strong> offizielle Er\u00f6ffnung<\/td><\/tr><tr><td><\/td><td><strong>20<sup>00<\/sup><\/strong> Filmschau &#8222;Contradict&#8220;<sub><br><\/sub><sup>anschlie\u00dfend Kneipenabend<\/sup><\/td><\/tr><tr><td>Freitag, 24.06.22<\/td><td><strong>20<sup>00<\/sup><\/strong> Jam-Session (f\u00fcr alle, die m\u00f6chten!)<sup><br>   &amp; Kneipenabend<\/sup><\/td><\/tr><tr><td>Samstag, 25.06.22<\/td><td>ab <strong>13<sup>00<\/sup><\/strong> Uhr offene T\u00fcren<br><strong>20<sup>00<\/sup><\/strong> Konzertabend:<br><em>The Erotic Knives<br>Project Teenage Angst<br>CANT<\/em><br><br><span style=\"text-decoration: underline;\"><strong><em>&#8211; !! Bitte macht unbedingt vorher einen Covid-Test\/geht ins Testcenter!! &#8211;<\/em><\/strong><\/span><\/td><\/tr><tr><td>Sonntag, 26.06.22<\/td><td>ab <strong>12<sup>00<\/sup><\/strong> Matin\u00e9e<br>   <sup>&amp; Caf\u00e9 ft. K\u00fc-Ch\u00e9<\/sup><br><strong>14<sup>00<\/sup><\/strong> Konzerte<br><em>Mehr Impulse<br>Fogel F<\/em><\/td><\/tr><\/tbody><\/table><\/figure>\n<\/div>\n<\/div>\n<\/div><\/div>\n","protected":false},"excerpt":{"rendered":"<p>DO &#8211; SO 23. -26.06.22 Donnerstag, 23.06.22 1700 offizielle Er\u00f6ffnung 2000 Filmschau &#8222;Contradict&#8220;anschlie\u00dfend Kneipenabend Freitag, 24.06.22 2000 Jam-Session (f\u00fcr alle, die m\u00f6chten!) &amp; Kneipenabend Samstag, 25.06.22 ab 1300 Uhr offene T\u00fcren2000 Konzertabend:The Erotic KnivesProject Teenage AngstCANT &#8211; !! Bitte macht unbedingt vorher einen Covid-Test\/geht ins Testcenter!! &#8211; Sonntag, 26.06.22 ab 1200 Matin\u00e9e &amp; Caf\u00e9 ft.&hellip;<\/p>\n","protected":false},"author":2,"featured_media":0,"parent":0,"menu_order":0,"comment_status":"closed","ping_status":"closed","template":"","meta":{"om_disable_all_campaigns":false,"_monsterinsights_skip_tracking":false,"_monsterinsights_sitenote_active":false,"_monsterinsights_sitenote_note":"","_monsterinsights_sitenote_category":0,"footnotes":""},"class_list":["post-155","page","type-page","status-publish","hentry"],"aioseo_notices":[],"_links":{"self":[{"href":"https:\/\/kulturbahnhof-lollar.de\/index.php\/wp-json\/wp\/v2\/pages\/155","targetHints":{"allow":["GET"]}}],"collection":[{"href":"https:\/\/kulturbahnhof-lollar.de\/index.php\/wp-json\/wp\/v2\/pages"}],"about":[{"href":"https:\/\/kulturbahnhof-lollar.de\/index.php\/wp-json\/wp\/v2\/types\/page"}],"author":[{"embeddable":true,"href":"https:\/\/kulturbahnhof-lollar.de\/index.php\/wp-json\/wp\/v2\/users\/2"}],"replies":[{"embeddable":true,"href":"https:\/\/kulturbahnhof-lollar.de\/index.php\/wp-json\/wp\/v2\/comments?post=155"}],"version-history":[{"count":1,"href":"https:\/\/kulturbahnhof-lollar.de\/index.php\/wp-json\/wp\/v2\/pages\/155\/revisions"}],"predecessor-version":[{"id":156,"href":"https:\/\/kulturbahnhof-lollar.de\/index.php\/wp-json\/wp\/v2\/pages\/155\/revisions\/156"}],"wp:attachment":[{"href":"https:\/\/kulturbahnhof-lollar.de\/index.php\/wp-json\/wp\/v2\/media?parent=155"}],"curies":[{"name":"wp","href":"https:\/\/api.w.org\/{rel}","templated":true}]}}